git of k?
5
Suppose 20*w + 5244 = w. Let o = w - -423. What is the hundreds digit of o?
1
What is the hundreds digit of ((-2 - 0) + 4)/(188/151434)?
6
Suppose 4*t = 2 + 6. Let m be (4/t)/((-36)/(-90)). Suppose -m*f + 40 = -f. What is the tens digit of f?
1
Let q(d) = -3*d - 29. Let i be q(-12). Let b(v) = 3 + 8*v + 7 + 5 + 9. What is the tens digit of b(i)?
8
Suppose 108 = -3*u + 57. What is the units digit of -16 - u - (-1 + -192)?
4
Let y be ((-47484)/42)/6*-7. Let p = y + -539. What is the tens digit of p?
8
Let x = -1652 - -13502. What is the tens digit of x?
5
Suppose -5*t = 12*r - 14*r + 30906, 4*r = -4*t + 61784. What is the hundreds digit of r?
4
Suppose 26 = 2*q - l, 52 = -0*q + 4*q + 4*l. Suppose 0 = -9*s + 31 - q. Suppose -3*i = g - 20, -3*i - 39 - 46 = -s*g. What is the units digit of g?
5
Let t be (63/6)/(12/16). Suppose -t*z - 11800 = -34*z. What is the units digit of z?
0
Suppose -36*t - 17*t = 40*t - 1859721. What is the ten thousands digit of t?
1
Let n(g) = 28*g**2 - 29*g - 86. What is the tens digit of n(-23)?
9
Let m be (-3)/2*120/(-90). Suppose m*w + 3630 = 35*w. What is the tens digit of w?
1
Suppose -247*i - 1551029 + 4919121 = 0. What is the thousands digit of i?
3
Let k = 6325 - 5669. Let l(d) = 3*d + 4. Let z be l(5). Suppose -z*h = -23*h + k. What is the tens digit of h?
6
Suppose -74*i + 379755 = 16*i - 2246895. What is the ten thousands digit of i?
2
Suppose -74*o = 97*o - 2517381 - 4584420. What is the units digit of o?
1
Let d(t) = 25*t + 43. Let n be d(11). Suppose 314*q - n*q + 1204 = 0. What is the tens digit of q?
0
Let d be 2*(-14)/((3 - 3) + 2). Let p(t) = -t - 12. Let r be p(d). What is the units digit of r/10 - (-987)/15?
6
Suppose 4*t = 2*h + 7808, -3*h - 5372 = -2*t - 1476. What is the thousands digit of t?
1
Suppose -5*w + 890 = 5*m, -3*m + 0*m - w + 532 = 0. Let r = m - 102. Suppose 4*y - r = y. What is the units digit of y?
5
Suppose 3*u = 2*u - 2*z + 5195, 4*u = -4*z + 20780. What is the thousands digit of u?
5
Suppose -5*l - 11 - 14 = -5*r, 3*l - 20 = -4*r. Suppose 8*p = r + 43. Suppose p*h + 127 - 655 = 0. What is the units digit of h?
8
Let b = 16247 + -10644. What is the hundreds digit of b?
6
Suppose 5*d - 3*l = -0*l + 42, 14 = 2*d - 4*l. Suppose -1945 - 872 = d*n. Let q = n + 490. What is the tens digit of q?
7
Suppose 0 = -2*v - 3*o - 2648, 4*v - 4*o + 519 = -4797. Let u = v + 1882. What is the hundreds digit of u?
5
Suppose 14 = 12*p - 5*p. Suppose -p*c + 8 = -n, -5*c - 5*n + 5 = -0. Suppose -4*j = c*i - 502, -3*i = 2*i - 5*j - 860. What is the tens digit of i?
7
Let x = -57990 + 101538. What is the units digit of x?
8
Let h(f) = 5466*f - 11106. What is the hundreds digit of h(5)?
2
Let h be (-12)/8 + (-1691)/2. Let j = -438 - h. What is the units digit of j?
9
Suppose -2*f - 4*a + 95162 = 0, -f + 2*a = -56820 + 9215. What is the tens digit of f?
9
Let b(l) = -225*l**2 + l. Let p be b(1). Let c = p - 191. What is the tens digit of (-1)/(((-15)/c)/(-3))?
8
Let g be (-1 + 5 + -3)/(1/7). Suppose 7815 = g*b + 8*b. Let i = -320 + b. What is the units digit of i?
1
Let h(k) = -59*k - 4*k**2 + 19*k**2 - 12*k**2 + 15. What is the tens digit of h(21)?
9
Let j(k) = 3*k + 45. Let x be j(-12). Let p be ((-27)/(-6))/x*408 + 3. Let h = p + -86. What is the hundreds digit of h?
1
Let c = 27 + -15. Let t be (6 + -3)/(c/44). Suppose 5*i - 911 = 3*z, -t = -2*i + 4*z + 359. What is the units digit of i?
1
Let b(o) = 2*o - 29. Suppose -4*x + 0*x = -64. Let a be b(x). Suppose 2*n = -3*p + 573 - 205, a*p - 369 = -3*n. What is the units digit of p?
2
Suppose 3*f + f = -3*d - 140639, 5*d - 70287 = 2*f. What is the tens digit of (1/(-3))/(-5 - f/7032)?
8
Suppose 5 = 5*x, -3*h + 3*x = -7*h + 55. Suppose 11421 = h*z + 995. What is the units digit of z?
2
Suppose -2*x - h = -5*h - 772, -4*x = -4*h - 1548. Let f = 183 + -180. Suppose -f*o = o - x. What is the tens digit of o?
9
Let y be (-12)/16 - (2937/4)/(-3). Suppose -y = 24*w - 18796. What is the tens digit of w?
7
Suppose 5*h - 60331 = -4*o, -2*o + 89*h - 93*h = -30176. What is the ten thousands digit of o?
1
Let b = -361 + 363. What is the hundreds digit of (5 - (-5584)/12) + b/3?
4
Let x = -12311 + 64123. What is the units digit of x?
2
Let x(c) = 10*c**3 - 11*c**2 + 75*c - 633. What is the thousands digit of x(15)?
1
Let t(v) be the second derivative of 0 - 5*v - 13/6*v**3 + 7/2*v**2. What is the units digit of t(-7)?
8
Let b = -266 - -652. What is the tens digit of b + 7/((-42)/(-18))?
8
Suppose -5*s = -4*s + 87. Let t = s - -92. Suppose t*d - 195 = 335. What is the hundreds digit of d?
1
Suppose 69 = 2*r + 5*p, 2*p = -r + 30 + 4. Suppose -11*t = -3*t - r. Suppose o = -5*c, 4*c = c - t*o - 17. What is the units digit of c?
1
Suppose -20*j + 59740 = -10*j. What is the thousands digit of j?
5
Let v(n) = 16*n + 16. Let m(s) = -32*s - 32. Let r(a) = -3*m(a) - 7*v(a). Let d be r(-7). Suppose 17*t + d = 21*t. What is the units digit of t?
4
Let m(p) = -1093*p - 28. What is the thousands digit of m(-10)?
0
Let t(x) = 342*x**2 - 9*x + 8. Let u = -151 - -152. What is the tens digit of t(u)?
4
Let k = -1006 + 1098. Suppose 3*y + 3 - 24 = 0. Suppose -k - 34 = -y*f. What is the units digit of f?
8
Suppose -84*v = -15616 - 835640. What is the hundreds digit of v?
1
Let z(m) = 149*m**2 + 22*m. What is the tens digit of z(14)?
1
Suppose 1711 = 6*j - 575. What is the hundreds digit of 1 + 3 - j*-1?
3
Let r be (-48)/312 - 258/13. Let t(s) = -15 + 0 - 5*s + s - 15. What is the tens digit of t(r)?
5
Let i be 20 + ((-12)/24)/((-1)/2). Suppose -3*s = 6, 4*b - 4*s + i = 5. What is the hundreds digit of -2*(-27)/b*(-129)/9?
1
Let r = 18300 - 14213. What is the thousands digit of r?
4
What is the ten thousands digit of (1/10*-122635)/(3/(-6))?
2
Let w = 7953 - 6955. What is the units digit of w?
8
Suppose 3*a = -v + 7138, 0 = 5*v + 3*a - 16885 - 18829. What is the thousands digit of v?
7
Let g(u) = 63*u**2 - 14*u + 2. Let k be (-15)/(-6)*((-84)/(-20) + -3). What is the units digit of g(k)?
7
Suppose 6*u - 28*u - 83254 = -369364. What is the tens digit of u?
0
Let d(j) = j**3 - 76*j**2 - 161*j - 588. What is the units digit of d(80)?
2
Suppose 13*v + 5*t - 17 = 12*v, -3*v - 4*t + 18 = 0. What is the tens digit of (3 + 126)*(v + 20/(-15))?
8
Suppose 5*j = s - 722, 0 = -4*j + 26*s - 29*s - 589. What is the hundreds digit of (-40809)/(-87) + 10/j?
4
Let r = 15636 - 7305. What is the thousands digit of r?
8
Suppose -56 = -u - 4*g, 0*u - 77 = -u + 3*g. Let r = u + -57. Suppose -1190 = -r*n + 108. What is the hundreds digit of n?
1
Let h = 817 - 573. Suppose -1088 = -2*a - h. What is the units digit of a?
2
What is the thousands digit of (-17)/(1/(-129 + 4)) + -5?
2
Let w(r) = 4*r + 32. Suppose 0 = 3*o - 3*l + 30, -2*l + 9 - 38 = 5*o. Let b be w(o). Suppose 752 = b*p - 80. What is the hundreds digit of p?
2
Suppose 3*u + 4*y = -14, -5*u - 3 = -4*y - 1. Let l be u/3 + 476/(-42). What is the hundreds digit of 5/(-45)*l*(97 - 1)?
1
Suppose 5*m + 2*q - 32 = -2*q, 6 = -3*q. Suppose -16 = -4*u - u - 2*v, -v = -3*u + 3. Suppose u*j = m*j - 690. What is the tens digit of j?
1
Suppose -3*g + 21950 = 4*s, s = 3*g - 22463 + 538. What is the tens digit of g?
1
Suppose 0 = -s - 12*k + 34532, 2*s = 3*s + 4*k - 34580. What is the hundreds digit of s?
6
Let c(h) = 9*h**2 - 165*h + 303. What is the hundreds digit of c(37)?
5
Suppose 2139264 = 125*x + 33*x + 34*x. What is the units digit of x?
2
Let t be (6 - 2 - 3)/(-1). Let v be 0 - (-5 + t + 3). Suppose -v = -3*u - 0*u, 0 = 2*d - 5*u - 257. What is the tens digit of d?
3
Let w(x) = 1072*x**2 + 135*x - 36. What is the units digit of w(4)?
6
Let o(j) = -2895*j - 996. What is the thousands digit of o(-6)?
6
Let m(j) = j**2 - 20*j + 13. Let p be m(16). Let y = 52 + p. What is the units digit of 29 - 1 - (-2 + y)*1?
9
Suppose o + 876 = 3*m, 0 = -5*o + 3*m + m - 4369. Let r = 1491 + o. What is the units digit of r?
8
Let l(p) = 11*p**2 + 69*p + 58. What is the units digit of l(-52)?
4
Let u be (-6)/1 - (-1)/(2/238). Let h be 2*1*(3 - 2). Suppose h*b = b + u. What is the units digit of b?
3
Let w(u) be the third derivative of -u**6/120 - u**5/4 - u**4/8 - 35*u**3/6 + 15*u**2. Let i be w(-15). Suppose 12*q - 198 = i*q. What is the units digit of q?
9
Suppose 